19 + 0*n. Let v be (0 + 0 + -6)*-1. Determine g(v).
-5
Let c(b) = 2 - 5*b**2 - 1 + 39*b - 35*b + b**3. Let y(r) = r**3 + 6*r**2 - 7*r + 8. Let u be y(-7). Let j be 21/28 + 18/u. What is c(j)?
-5
Let h(b) = b + 1. Let o(g) = -6*g - 3. Let m = -12 - -7. Let q(a) = m*h(a) - o(a). Let s = -12 - -7. Determine q(s).
-7
Let i(n) = n**3 + 4*n**2 + 4. Suppose 13*b - 133 = -185. What is i(b)?
4
Let z be ((-175)/(-5) + 1/(-5))*-5. Let t = z - -170. Let w(y) be the third derivative of -y**6/120 - y**5/15 - y**4/24 - 2*y**3/3 + y**2. What is w(t)?
0
Let i(f) be the second derivative of -f**5/20 - f**4/2 - 2*f**3/3 - 3*f**2/2 + 4*f - 7. Calculate i(-2).
-11
Let c(u) = 2*u**2 + 2*u - 34. Suppose 93*v - 27 = 5*t + 91*v, 0 = t - 3*v + 8. Give c(t).
6
Let w(c) be the second derivative of c**6/120 - 2*c**5/15 - 4*c**3/3 + 17*c**2/2 + 15*c. Let u(q) be the first derivative of w(q). What is u(8)?
-8
Let c(m) be the second derivative of m**6/120 + m**5/15 + m**4/24 - 2*m**2 + 11*m. Let s(q) be the first derivative of c(q). Calculate s(-2).
6
Let b(i) = 2*i**3 - 22*i**2 + 15*i**2 - 11 - 9*i - i**3 + 22. What is b(8)?
3
Let j(z) = z**2 - 14*z + 26. Let f be j(12). Let h(a) = f + 96*a - 1 - 89*a. Determine h(-1).
-6
Suppose 0 = -2*a - 15 + 5. Let x(s) = -4*s + 1. Let t(d) = -d - 1. Let q(z) = 6*t(z) - x(z). What is q(a)?
3
Suppose v = 7 - 5. Let g(s) = 4 - 6 + 2 - v*s + 3. Calculate g(3).
-3
Suppose 6*z + 4*k = 3*z - 16, 4*z - 5*k - 20 = 0. Let g(h) be the third derivative of -h**4/24 + h**3/6 - 3361*h**2. Calculate g(z).
1
Let r(o) = -11*o**2 + 2*o + 1. Let w be -8 + -1 + 4*(-7)/(-4). What is r(w)?
-47
Let o be 3/(-2)*(-528)/36. Let r = -23 + o. Let y(h) = -9*h - 1. Let t(c) = -35*c - 4. Let q(b) = 2*t(b) - 9*y(b). Give q(r).
-10
Let c(i) be the second derivative of -i**4/6 + 5*i**3/6 + i**2/2 - 2*i - 80. What is c(4)?
-11
Let r = 26 - 22. Suppose -r*g - 4 = -2*j - 0, -2*g = -4*j + 20. Let q(w) = 3*w. Let f(c) = 4*c. Let n(h) = -2*f(h) + 3*q(h). Calculate n(j).
6
Let a(q) = -q**2 - 8*q - 1. Let g = -17 - -38. Let c = g + -28. Let k = c - 1. Give a(k).
-1
Suppose -54*w - 10 = -59*w. Let o(t) = -2*t - 3. Give o(w).
-7
Let h(w) = -w**3 + 4*w**2 + 2*w + 3. Suppose -5*d + 35 = 5*j - 45, -2*j = -4*d - 56. Suppose 6*f - f = j. What is h(f)?
11
Let h(p) = 1. Let i(r) = r + 3. Let m(t) = h(t) - i(t). What is m(-2)?
0
Let u(d) be the second derivative of 1/2*d**2 + 10*d - 7/12*d**4 + 4/3*d**3 + 0 - 1/20*d**5. Calculate u(-8).
1
Let n(d) = -d**3 - 8*d**2 - 9*d - 10. Let w(o) = -4*o + 84. Let m(u) = -u + 17. Let l(s) = -11*m(s) + 2*w(s). Let h be l(4). Determine n(h).
4
Let a(q) = 5*q. Let o = -11 - -19. Let h be ((-15)/10)/((-3)/o). Let z be h/(-26) - 196/(-91). Determine a(z).
10
Let k(c) = 56 - 30 - c - 33. Let m(j) = -j**3 + 2*j**2 - 5. Let y be m(3). Let a = y - -7. Determine k(a).
0
Suppose r + 13 = 4*k, 159*k - 158*k - 4 = 0. Let g(c) be the second derivative of -1/20*c**5 - 4/3*c**r - 9*c + 0 + 3/2*c**2 - 7/12*c**4. Give g(-6).
15
Let z(a) = a**3 + 7*a**2 + 3*a - 18. Suppose 90 = 142*f - 157*f. What is z(f)?
0
Let w(f) = 2*f - 8. Let m be 1 + (-3 - (3 - 0)). Let d be (-8)/(-20) + 12/m. Let p be (d - -4) + 8/2. Determine w(p).
4
Let u be (11/2)/((-1)/(-24)). Let a be (u/24)/(((-6)/4)/(-3)). Let s(i) = i - 3. Determine s(a).
8
Let d(s) be the first derivative of -s**2 - 17*s - 166. Calculate d(-7).
-3
Let k(y) = 8 + y - 5 + 0 - 8. Let w = -14 + 20. Let c = 9 - w. Give k(c).
-2
Suppose -6*j - 8 = -2*j, 0 = -2*o - 2*j + 2. Let i(z) = -z**3 + 1 - 5*z + z**2 + 2*z + z**2 + 12 - 9. Give i(o).
-14
Let f(q) = 17*q - 3. Let a(w) = -12*w + 7. Let s(k) = 11*k - 6. Let z(c) = 5*a(c) + 6*s(c). Let x(h) = 3*f(h) - 8*z(h). Determine x(-1).
-4
Let w(a) = -a**3 - 26*a**2 + 54*a - 58. Let d be w(-28). Let s(j) = -j**3 - 3*j**2 - 2*j - 3. Calculate s(d).
-3
Let y(k) = 10*k + 60. Let t be y(-6). Let g(c) be the third derivative of -1/8*c**4 + 1/120*c**6 - 5*c**2 + 0*c + t + 1/2*c**3 - 1/30*c**5. Calculate g(2).
-3
Let a = -67 - -65. Let x(r) = -r - 2*r + 0*r**3 - r**3 + 53*r**2 - 55*r**2. Calculate x(a).
6
Suppose p - 3 = 1. Let u(t) = -t + 0*t + 3*t + 4400 - 4401. Determine u(p).
7
Let n(d) = -10*d**2 + 5*d + 3. Let a(m) be the first derivative of m**3 - m**2 - m - 11. Let v(u) = 7*a(u) + 2*n(u). Determine v(5).
4
Let d be 9/15 - 9/15. Suppose o + d*o = 0. Let s be 0/1 + o/(-4). Let y(v) = -v - 5. Determine y(s).
-5
Let d(q) be the second derivative of q**3/6 - q**2 - q + 1. Calculate d(10).
8
Let i(r) = -16*r**2 + 27*r - 151. Let l(s) = -3*s**2 + 6*s - 30. Let d(h) = -2*i(h) + 11*l(h). Determine d(9).
-1
Let i(t) = -t**3 + 5*t**2 - t - 5. Suppose -4 - 6 = -2*f. Suppose 0 = f*o - 2 - 18. Let c be (-20)/(-6) + o/6. Determine i(c).
7
Suppose -a - l = -2*l + 3, 2*a - 4 = -3*l. Let p(g) = g**3 - g**2 - g - 1. Let x(i) = -2*i**3 - 3*i**2 - 3. Let v(s) = a*p(s) - x(s). Calculate v(-4).
0
Let b(p) = 2*p**2 - 2*p - 1. Let g(d) = -28*d + 3. Let q be g(0). What is b(q)?
11
Let g(o) = -o**2 + o + 15. Let l(b) = b**3 + b**2 - 13*b - 4. Let t be l(-4). Give g(t).
15
Let s(v) = -5*v - 4. Let q(r) = 9*r + 7. Let n = 121 + -128. Let g(w) = n*s(w) - 4*q(w). Suppose 3*z - 6 = o + 2*z, 2 = -3*o - 5*z. Determine g(o).
4
Let p be (-12)/5*40/16. Let b be (-1 - (-6 + 3))*1. Let g(m) = -8*m - m**b + 2*m + 0*m. Determine g(p).
0
Suppose -5*x + 4*x + 3*h = -7, 0 = -3*h - 9. Let r(w) = 2*w**3 + 4*w**2 + 2*w - 2. Let k be r(x). Let d(l) = l**2 + 5*l + 4. What is d(k)?
10
Let y(z) = z**3 + 7*z**2 - 10*z - 10. Let u = -13 - -37. Let c be (0 - -1)*(-3)/(9/u). Calculate y(c).
6
Let x(d) be the second derivative of -d**4/4 + d**3 - 3*d**2/2 + 67*d - 1. What is x(4)?
-27
Let g = -28 + -9. Let d = g + 41. Let c(r) = -4*r**3 + 4*r. Let x(m) = -5*m**3 - m**2 + 4*m. Let b(f) = -4*c(f) + 3*x(f). What is b(d)?
0
Let o(c) = 4*c - 3. Let f(y) = y. Let x(u) = -6*f(u) + o(u). Give x(-2).
1
Let h be (-4)/30 + 17/15. Let o(j) = -j**2 - h - 6 + 1. Determine o(0).
-6
Let d(c) = -2*c - 2. Let s be (-6)/(-4)*(-8)/(-6). Let h(v) = -v**2 + 14*v + 123. Let a be h(20). Suppose a*p + 29 = 5*l, -p - s*l = -4 - 1. Calculate d(p).
4
Let f(r) = -r**2 - 2*r + 23. Let q(p) = -6*p**2 - 11*p + 117. Let t(x) = -11*f(x) + 2*q(x). Determine t(0).
-19
Let q(u) = u**2 - 4*u + 4. Let p(c) = -3*c**2 + 24*c + 4. Let o be p(8). Determine q(o).
4
Suppose 0 = 28*a - 26*a - 4. Let q(s) = -a*s + 0*s + s**2 + 1 + s + 5*s. Suppose -2*c + 3*d = -9, 0 = 5*c - d + 10. Calculate q(c).
-2
Let g(d) be the third derivative of -d**4/12 - 11*d**3/6 + d**2 + 42. Determine g(-7).
3
Let n(o) = -o + 1. Let z(u) = -u + 2. Let a(r) = -4*n(r) + 3*z(r). Let q(t) = -t - 1. Let w(b) = -4*a(b) - 3*q(b). Let j = 17 - 22. Calculate w(j).
0
Let g(p) = -3*p**2 - 19*p - 33. Let l(r) = r**2 + 6*r + 11. Let f(n) = -4*g(n) - 11*l(n). Let m be f(-8). Let v(c) = c + 7 - 1 - 3. Give v(m).
-2
Let t = 172 + -168. Let b(i) = -2*i + 8. What is b(t)?
0
Let r(a) = -a**2 - a. Let n(y) = 3*y**2 + 2*y - 4. Let w(l) = -n(l) - 2*r(l). Let z(g) = -2*g + 6. Let h be 5 - ((-6)/3)/(-1). Let b be z(h). Calculate w(b).
4
Let b(g) = -5*g**3 - g**3 - g - 2*g**3. Suppose 2*z = 3*z. Suppose 5*h = 5*d - 20, z = 4*d - 10 - 2. Give b(h).
9
Let n(t) = 17*t**2 - t - 12*t**2 - t**3 - 8*t**2 + 0*t. Let h be 2*(0/2 - -2). Let a be (3/h)/((-2)/8). What is n(a)?
3
Let t = -2 + 1. Let m be t/(-3) - (-20)/(-6). Let q(k) = -4*k**3 - 5*k**3 - 4 + k + 3*k**2 + 10*k**3. What is q(m)?
-7
Let k(d) = 180 + 175 + 2*d - 356. Give k(6).
11
Let h(y) be the first derivative of 0*y**2 + 1/3*y**3 + 12*y - 4. Let w = -1 + 1. What is h(w)?
12
Let y(r) = -37*r**2 + 42*r**2 - 2 - 7*r**2 - 5*r. Determine y(-3).
-5
Let i(p) be the third derivative of p**5/120 + 5*p**4/8 + 7*p**3 + 37*p**2. Let v(o) be the first derivative of i(o). Give v(-8).
7
Let p(m) be the third derivative of m**5/60 + m**4/12 - m**3/6 - m**2. Let o(w) = -w**3 + 66*w**2 + 75*w - 540. Let v be o(67). Calculate p(v).
7
Let h(w) = -2*w - 1. Let p(g) be the first derivative of -g**4/4 - 22*g**3/3 - g**2/2 - 27*g - 26. Let x be p(-22). What is h(x)?
9
Let o(t) = t + 1. Let r(s) = s + 5. Let c be r(0). Suppose -3*l - 5*m = 13, c*l + 5*m + 4 = -11. Give o(l).
0
Let h(r) = -r**3 + 4*r**2 - r - 2. Let a be h(3). Let k(g) = a + 3*g - 1 + 0*g**2 + g**3 - 2*g**2 - 2*g**3. Suppose 2*p =